{"id":4860,"date":"2026-04-27T14:56:07","date_gmt":"2026-04-27T17:56:07","guid":{"rendered":"https:\/\/pedebreu.com.br\/loja\/?post_type=product&#038;p=4860"},"modified":"2026-04-27T14:56:08","modified_gmt":"2026-04-27T17:56:08","slug":"combo-01-delicata-gratidao-mansidao","status":"publish","type":"product","link":"https:\/\/pedebreu.com.br\/loja\/produto\/combo-01-delicata-gratidao-mansidao\/","title":{"rendered":"Combo #1 &#8211; Delicata Gratid\u00e3o Mansid\u00e3o"},"content":{"rendered":"<p><strong>Itens deste COMBO de lan\u00e7amento 2026:<\/strong><br \/>\n&#8211; 01 pct de 150g Caf\u00e9 Especial <strong>Nano Lote Delicata <\/strong>do S\u00edtio P\u00e9 de Breu em Gr\u00e3os ou Mo\u00eddos;<br \/>\nSensorial Ex\u00f3tico Cultivar Acau\u00e3 Novo Natural &#8211; Pronunciada e Marcante Do\u00e7ura, Corpo Sedoso, Caramelo, Retrogosto Persistente e Desafiador.<\/p>\n<p>&#8211; 01 pct de 250g Caf\u00e9 Especial <strong>Micro Lote Gratid\u00e3o<\/strong>\u00a0do S\u00edtio P\u00e9 de Breu em Gr\u00e3os ou Mo\u00eddos;<br \/>\nDelicioso Passas de Catua\u00ed Vermelho do Talh\u00e3o 5 1350m alt.<br \/>\nBoa Do\u00e7ura de Frutas Vermelhas \/ Uva Passas e Am\u00eandoas \/ Chocolate Ao Leite \/ Suave Acidez<\/p>\n<p>&#8211; 01 pct de 250g Caf\u00e9 Especial <strong>Micro Lote Mansid\u00e3o <\/strong>do S\u00edtio P\u00e9 de Breu em Gr\u00e3os ou Mo\u00eddos;<br \/>\nPassas Catua\u00ed Vermelho 1200m alt. com \u00d3tima Do\u00e7ura e Notas de Nozes \/ Am\u00eandoas, Corpo Achocolatado &#8211; Retrogosto Prazeroso e Baixa Acidez<\/p>\n","protected":false},"excerpt":{"rendered":"<p><strong>03 Cafez\u00f5es Top | Delicata Gratid\u00e3o Mansid\u00e3o<br \/>\nFrete Gr\u00e1tis *<\/strong> para as seguintes estados ou regi\u00f5es:<br \/>\n<strong>MG, RJ, SP, DF, BA, ES, GO, PR, MS e SC.<\/strong><\/p>\n<p>Ps.: Frete pra outras <b>REGI\u00d5ES:<\/b><br \/>\n<b>Ser\u00e1 cobrado separadamente.<\/b><\/p>\n<p>Veja mais informa\u00e7\u00f5es no campo <b>Descri\u00e7\u00e3o<\/b><\/p>\n","protected":false},"featured_media":4863,"comment_status":"open","ping_status":"closed","template":"","meta":[],"product_brand":[],"product_cat":[107,28],"product_tag":[101,22,25],"class_list":{"0":"post-4860","1":"product","2":"type-product","3":"status-publish","4":"has-post-thumbnail","6":"product_cat-mais-vendido","7":"product_cat-micro-lote","8":"product_tag-delicata","9":"product_tag-gratidao","10":"product_tag-mansidao","12":"first","13":"instock","14":"featured","15":"sold-individually","16":"taxable","17":"shipping-taxable","18":"purchasable","19":"product-type-variable","20":"add-to-wishlist-after_add_to_cart"},"_links":{"self":[{"href":"https:\/\/pedebreu.com.br\/loja\/wp-json\/wp\/v2\/product\/4860","targetHints":{"allow":["GET"]}}],"collection":[{"href":"https:\/\/pedebreu.com.br\/loja\/wp-json\/wp\/v2\/product"}],"about":[{"href":"https:\/\/pedebreu.com.br\/loja\/wp-json\/wp\/v2\/types\/product"}],"replies":[{"embeddable":true,"href":"https:\/\/pedebreu.com.br\/loja\/wp-json\/wp\/v2\/comments?post=4860"}],"wp:featuredmedia":[{"embeddable":true,"href":"https:\/\/pedebreu.com.br\/loja\/wp-json\/wp\/v2\/media\/4863"}],"wp:attachment":[{"href":"https:\/\/pedebreu.com.br\/loja\/wp-json\/wp\/v2\/media?parent=4860"}],"wp:term":[{"taxonomy":"product_brand","embeddable":true,"href":"https:\/\/pedebreu.com.br\/loja\/wp-json\/wp\/v2\/product_brand?post=4860"},{"taxonomy":"product_cat","embeddable":true,"href":"https:\/\/pedebreu.com.br\/loja\/wp-json\/wp\/v2\/product_cat?post=4860"},{"taxonomy":"product_tag","embeddable":true,"href":"https:\/\/pedebreu.com.br\/loja\/wp-json\/wp\/v2\/product_tag?post=4860"}],"curies":[{"name":"wp","href":"https:\/\/api.w.org\/{rel}","templated":true}]}}