{"id":4809,"date":"2026-03-11T10:50:37","date_gmt":"2026-03-11T13:50:37","guid":{"rendered":"https:\/\/pedebreu.com.br\/loja\/?post_type=product&#038;p=4809"},"modified":"2026-03-18T10:55:27","modified_gmt":"2026-03-18T13:55:27","slug":"bala-toff","status":"publish","type":"product","link":"https:\/\/pedebreu.com.br\/loja\/produto\/bala-toff\/","title":{"rendered":"BALA Toff"},"content":{"rendered":"<p>Bala Toff sabor caf\u00e9.<br \/>\nPeso <strong>aproximado<\/strong> do conte\u00fado da embalagens: <strong>150g<br \/>\nPacote c\/ 10 unidades<\/strong><\/p>\n<p><strong>Ressalva em rela\u00e7\u00e3o ao estoque:<br \/>\n<\/strong>Nosso invent\u00e1rio \u00e9 sujeito a mudan\u00e7as,<br \/>\nquanto aos sabores, por favor, verifique o estoque<br \/>\nantes de concluir a compra pelo WhatsApp<br \/>\nque est\u00e1 dispon\u00edvel na parte inferior desta p\u00e1gina.<\/p>\n<ol>\n<li>Produto artesanal;<\/li>\n<li>Direto do produtor;<\/li>\n<li>Agricultura Familiar;<\/li>\n<li>Sistema agroflorestal;<\/li>\n<li>Livre de conservantes e Sem agrot\u00f3xicos.<\/li>\n<\/ol>\n","protected":false},"excerpt":{"rendered":"<p>Bala Toff sabor caf\u00e9.<br \/>\nPeso <strong>aproximado<\/strong> do conte\u00fado da embalagens: <strong>150g<br \/>\nPacote c\/ 10 unidades<\/strong><\/p>\n<p><strong>Ressalva em rela\u00e7\u00e3o ao estoque:<br \/>\n<\/strong>Nosso invent\u00e1rio \u00e9 sujeito a mudan\u00e7as,<br \/>\nquanto aos sabores, por favor, verifique o estoque<br \/>\nantes de concluir a compra pelo WhatsApp<br \/>\nque est\u00e1 dispon\u00edvel na parte inferior desta p\u00e1gina.<\/p>\n<ol>\n<li>Produto artesanal;<\/li>\n<li>Direto do produtor;<\/li>\n<li>Agricultura Familiar;<\/li>\n<li>Sistema agroflorestal;<\/li>\n<li>Livre de conservantes e Sem agrot\u00f3xicos.<\/li>\n<\/ol>\n","protected":false},"featured_media":4810,"comment_status":"open","ping_status":"closed","template":"","meta":[],"product_brand":[],"product_cat":[212],"product_tag":[102],"class_list":{"0":"post-4809","1":"product","2":"type-product","3":"status-publish","4":"has-post-thumbnail","6":"product_cat-bala-toff","7":"product_tag-cafe","9":"first","10":"instock","11":"taxable","12":"shipping-taxable","13":"purchasable","14":"product-type-simple","15":"add-to-wishlist-after_add_to_cart"},"_links":{"self":[{"href":"https:\/\/pedebreu.com.br\/loja\/wp-json\/wp\/v2\/product\/4809","targetHints":{"allow":["GET"]}}],"collection":[{"href":"https:\/\/pedebreu.com.br\/loja\/wp-json\/wp\/v2\/product"}],"about":[{"href":"https:\/\/pedebreu.com.br\/loja\/wp-json\/wp\/v2\/types\/product"}],"replies":[{"embeddable":true,"href":"https:\/\/pedebreu.com.br\/loja\/wp-json\/wp\/v2\/comments?post=4809"}],"wp:featuredmedia":[{"embeddable":true,"href":"https:\/\/pedebreu.com.br\/loja\/wp-json\/wp\/v2\/media\/4810"}],"wp:attachment":[{"href":"https:\/\/pedebreu.com.br\/loja\/wp-json\/wp\/v2\/media?parent=4809"}],"wp:term":[{"taxonomy":"product_brand","embeddable":true,"href":"https:\/\/pedebreu.com.br\/loja\/wp-json\/wp\/v2\/product_brand?post=4809"},{"taxonomy":"product_cat","embeddable":true,"href":"https:\/\/pedebreu.com.br\/loja\/wp-json\/wp\/v2\/product_cat?post=4809"},{"taxonomy":"product_tag","embeddable":true,"href":"https:\/\/pedebreu.com.br\/loja\/wp-json\/wp\/v2\/product_tag?post=4809"}],"curies":[{"name":"wp","href":"https:\/\/api.w.org\/{rel}","templated":true}]}}

<p>Bala Toff sabor café.<br />
Peso <strong>aproximado</strong> do conteúdo da embalagens: <strong>150g<br />
Pacote c/ 10 unidades</strong></p>
<p><strong>Ressalva em relação ao estoque:<br />
</strong>Nosso inventário é sujeito a mudanças,<br />
quanto aos sabores, por favor, verifique o estoque<br />
antes de concluir a compra pelo WhatsApp<br />
que está disponível na parte inferior desta página.</p>
<ol>
<li>Produto artesanal;</li>
<li>Direto do produtor;</li>
<li>Agricultura Familiar;</li>
<li>Sistema agroflorestal;</li>
<li>Livre de conservantes e Sem agrotóxicos.</li>
</ol>
