{"id":4144,"date":"2023-11-13T08:16:22","date_gmt":"2023-11-13T11:16:22","guid":{"rendered":"https:\/\/pedebreu.com.br\/loja\/?post_type=product&#038;p=4144"},"modified":"2026-03-23T21:22:09","modified_gmt":"2026-03-24T00:22:09","slug":"nano-lote-arara","status":"publish","type":"product","link":"https:\/\/pedebreu.com.br\/loja\/produto\/nano-lote-arara\/","title":{"rendered":"NANO LOTE ARARA 150g"},"content":{"rendered":"<p><strong>Pacote 150g de Caf\u00e9 Especial | NANO LOTE ARARA:<\/strong><\/p>\n<p>Do\u00e7ura Marcante de Baunilha , Agrad\u00e1vel Corpo Licoroso com Finaliza\u00e7\u00e3o Frutado e Anis.<\/p>\n","protected":false},"excerpt":{"rendered":"<p><strong>Pacote 150g de Caf\u00e9 Especial | NANO LOTE ARARA:<\/strong><\/p>\n<p>Do\u00e7ura Marcante de Baunilha , Agrad\u00e1vel Corpo Licoroso com Finaliza\u00e7\u00e3o Frutado e Anis.<\/p>\n","protected":false},"featured_media":4452,"comment_status":"open","ping_status":"closed","template":"","meta":[],"product_brand":[],"product_cat":[79,185],"product_tag":[167],"class_list":{"0":"post-4144","1":"product","2":"type-product","3":"status-publish","4":"has-post-thumbnail","6":"product_cat-especial","7":"product_cat-nano-lote","8":"product_tag-nano-lote-arara","10":"first","11":"instock","12":"taxable","13":"shipping-taxable","14":"purchasable","15":"product-type-variable","16":"add-to-wishlist-after_add_to_cart"},"_links":{"self":[{"href":"https:\/\/pedebreu.com.br\/loja\/wp-json\/wp\/v2\/product\/4144","targetHints":{"allow":["GET"]}}],"collection":[{"href":"https:\/\/pedebreu.com.br\/loja\/wp-json\/wp\/v2\/product"}],"about":[{"href":"https:\/\/pedebreu.com.br\/loja\/wp-json\/wp\/v2\/types\/product"}],"replies":[{"embeddable":true,"href":"https:\/\/pedebreu.com.br\/loja\/wp-json\/wp\/v2\/comments?post=4144"}],"wp:featuredmedia":[{"embeddable":true,"href":"https:\/\/pedebreu.com.br\/loja\/wp-json\/wp\/v2\/media\/4452"}],"wp:attachment":[{"href":"https:\/\/pedebreu.com.br\/loja\/wp-json\/wp\/v2\/media?parent=4144"}],"wp:term":[{"taxonomy":"product_brand","embeddable":true,"href":"https:\/\/pedebreu.com.br\/loja\/wp-json\/wp\/v2\/product_brand?post=4144"},{"taxonomy":"product_cat","embeddable":true,"href":"https:\/\/pedebreu.com.br\/loja\/wp-json\/wp\/v2\/product_cat?post=4144"},{"taxonomy":"product_tag","embeddable":true,"href":"https:\/\/pedebreu.com.br\/loja\/wp-json\/wp\/v2\/product_tag?post=4144"}],"curies":[{"name":"wp","href":"https:\/\/api.w.org\/{rel}","templated":true}]}}