{"id":4057,"date":"2023-10-19T16:46:38","date_gmt":"2023-10-19T19:46:38","guid":{"rendered":"https:\/\/pedebreu.com.br\/loja\/?post_type=product&#038;p=4057"},"modified":"2025-03-17T19:37:23","modified_gmt":"2025-03-17T22:37:23","slug":"3-microlote-mansidao","status":"publish","type":"product","link":"https:\/\/pedebreu.com.br\/loja\/produto\/3-microlote-mansidao\/","title":{"rendered":"3 Microlote MANSID\u00c3O"},"content":{"rendered":"<p><strong>03 <\/strong><strong>Pacote 250g de Caf\u00e9 Especial | MICROLOTE Mansid\u00e3o:<br \/>\n<\/strong>Passas Catua\u00ed Vermelho 1200m alt. com \u00d3tima Do\u00e7ura e Notas de Nozes \/ Am\u00eandoas, Corpo Achocolatado &#8211; Retrogosto Prazeroso e Baixa Acidez<\/p>\n","protected":false},"excerpt":{"rendered":"<p><strong>03 <\/strong><strong>Pacote 250g de Caf\u00e9 Especial | MICROLOTE Mansid\u00e3o:<br \/>\n<\/strong>Passas Catua\u00ed Vermelho 1200m alt. com \u00d3tima Do\u00e7ura e Notas de Nozes \/ Am\u00eandoas, Corpo Achocolatado &#8211; Retrogosto Prazeroso e Baixa Acidez<\/p>\n","protected":false},"featured_media":4061,"comment_status":"open","ping_status":"closed","template":"","meta":[],"product_brand":[],"product_cat":[79,108,107,28],"product_tag":[25],"class_list":{"0":"post-4057","1":"product","2":"type-product","3":"status-publish","4":"has-post-thumbnail","6":"product_cat-especial","7":"product_cat-frete-economico","8":"product_cat-mais-vendido","9":"product_cat-micro-lote","10":"product_tag-mansidao","12":"first","13":"instock","14":"featured","15":"taxable","16":"shipping-taxable","17":"purchasable","18":"product-type-variable","19":"add-to-wishlist-after_add_to_cart"},"_links":{"self":[{"href":"https:\/\/pedebreu.com.br\/loja\/wp-json\/wp\/v2\/product\/4057","targetHints":{"allow":["GET"]}}],"collection":[{"href":"https:\/\/pedebreu.com.br\/loja\/wp-json\/wp\/v2\/product"}],"about":[{"href":"https:\/\/pedebreu.com.br\/loja\/wp-json\/wp\/v2\/types\/product"}],"replies":[{"embeddable":true,"href":"https:\/\/pedebreu.com.br\/loja\/wp-json\/wp\/v2\/comments?post=4057"}],"wp:featuredmedia":[{"embeddable":true,"href":"https:\/\/pedebreu.com.br\/loja\/wp-json\/wp\/v2\/media\/4061"}],"wp:attachment":[{"href":"https:\/\/pedebreu.com.br\/loja\/wp-json\/wp\/v2\/media?parent=4057"}],"wp:term":[{"taxonomy":"product_brand","embeddable":true,"href":"https:\/\/pedebreu.com.br\/loja\/wp-json\/wp\/v2\/product_brand?post=4057"},{"taxonomy":"product_cat","embeddable":true,"href":"https:\/\/pedebreu.com.br\/loja\/wp-json\/wp\/v2\/product_cat?post=4057"},{"taxonomy":"product_tag","embeddable":true,"href":"https:\/\/pedebreu.com.br\/loja\/wp-json\/wp\/v2\/product_tag?post=4057"}],"curies":[{"name":"wp","href":"https:\/\/api.w.org\/{rel}","templated":true}]}}