{"id":2196,"date":"2023-03-21T15:17:14","date_gmt":"2023-03-21T18:17:14","guid":{"rendered":"https:\/\/pedebreu.com.br\/loja\/?post_type=product&#038;p=2196"},"modified":"2026-03-11T13:07:18","modified_gmt":"2026-03-11T16:07:18","slug":"cafe-de-comer","status":"publish","type":"product","link":"https:\/\/pedebreu.com.br\/loja\/produto\/cafe-de-comer\/","title":{"rendered":"Caf\u00e9 de Comer"},"content":{"rendered":"<p><strong>ATEN\u00c7\u00c3O<\/strong>:<br \/>\nESTOQUE VARIADO | Favor consultar estoque de sabores com anteced\u00eancia.<\/p>\n<p>Caf\u00e9 Banhando com Chocolate aprox. 80g<br \/>\n<strong>Sabores | 6 coberturas diferentes:<br \/>\n<\/strong>Ao leite<br \/>\n1\/2 amargo<br \/>\nPistache | Edi\u00e7\u00e3o <strong>Limitada<\/strong><br \/>\nCaramelo | Edi\u00e7\u00e3o <strong>Limitada<\/strong><br \/>\nMorango<br \/>\nChocolate branco<\/p>\n","protected":false},"excerpt":{"rendered":"<p><strong>ATEN\u00c7\u00c3O<\/strong>:<br \/>\nESTOQUE VARIADO | Favor consultar estoque de sabores com anteced\u00eancia.<\/p>\n<p>Caf\u00e9 Banhando com Chocolate aprox. 80g<br \/>\n<strong>Sabores | 6 coberturas diferentes:<br \/>\n<\/strong>Ao leite<br \/>\n1\/2 amargo<br \/>\nPistache | Edi\u00e7\u00e3o Limitada<br \/>\nCaramelo | Edi\u00e7\u00e3o Limitada<br \/>\nMorango<br \/>\nChocolate branco<\/p>\n","protected":false},"featured_media":4814,"comment_status":"open","ping_status":"closed","template":"","meta":[],"product_brand":[],"product_cat":[105],"product_tag":[102,85],"class_list":{"0":"post-2196","1":"product","2":"type-product","3":"status-publish","4":"has-post-thumbnail","6":"product_cat-cafe-e-chocolate","7":"product_tag-cafe","8":"product_tag-chocolate","10":"first","11":"instock","12":"taxable","13":"shipping-taxable","14":"purchasable","15":"product-type-variable","16":"add-to-wishlist-after_add_to_cart"},"_links":{"self":[{"href":"https:\/\/pedebreu.com.br\/loja\/wp-json\/wp\/v2\/product\/2196","targetHints":{"allow":["GET"]}}],"collection":[{"href":"https:\/\/pedebreu.com.br\/loja\/wp-json\/wp\/v2\/product"}],"about":[{"href":"https:\/\/pedebreu.com.br\/loja\/wp-json\/wp\/v2\/types\/product"}],"replies":[{"embeddable":true,"href":"https:\/\/pedebreu.com.br\/loja\/wp-json\/wp\/v2\/comments?post=2196"}],"wp:featuredmedia":[{"embeddable":true,"href":"https:\/\/pedebreu.com.br\/loja\/wp-json\/wp\/v2\/media\/4814"}],"wp:attachment":[{"href":"https:\/\/pedebreu.com.br\/loja\/wp-json\/wp\/v2\/media?parent=2196"}],"wp:term":[{"taxonomy":"product_brand","embeddable":true,"href":"https:\/\/pedebreu.com.br\/loja\/wp-json\/wp\/v2\/product_brand?post=2196"},{"taxonomy":"product_cat","embeddable":true,"href":"https:\/\/pedebreu.com.br\/loja\/wp-json\/wp\/v2\/product_cat?post=2196"},{"taxonomy":"product_tag","embeddable":true,"href":"https:\/\/pedebreu.com.br\/loja\/wp-json\/wp\/v2\/product_tag?post=2196"}],"curies":[{"name":"wp","href":"https:\/\/api.w.org\/{rel}","templated":true}]}}