{"id":10,"date":"2021-03-25T09:03:10","date_gmt":"2021-03-25T12:03:10","guid":{"rendered":"https:\/\/pedebreu.com.br\/loja\/carrinho\/"},"modified":"2025-07-10T22:54:21","modified_gmt":"2025-07-11T01:54:21","slug":"carrinho","status":"publish","type":"page","link":"https:\/\/pedebreu.com.br\/loja\/carrinho\/","title":{"rendered":"Carrinho"},"content":{"rendered":"\t\t<div data-elementor-type=\"wp-page\" data-elementor-id=\"10\" class=\"elementor elementor-10\" data-elementor-post-type=\"page\">\n\t\t\t\t\t\t<section class=\"elementor-section elementor-top-section elementor-element elementor-element-54155f2 elementor-section-full_width elementor-section-height-min-height elementor-section-height-default elementor-section-items-middle\" data-id=\"54155f2\" data-element_type=\"section\" data-e-type=\"section\" data-settings=\"{&quot;background_background&quot;:&quot;classic&quot;,&quot;shape_divider_bottom&quot;:&quot;mountains&quot;}\">\n\t\t\t\t\t\t\t<div class=\"elementor-background-overlay\"><\/div>\n\t\t\t\t\t\t<div class=\"elementor-shape elementor-shape-bottom\" aria-hidden=\"true\" data-negative=\"false\">\n\t\t\t<svg xmlns=\"http:\/\/www.w3.org\/2000\/svg\" viewBox=\"0 0 1000 100\" preserveAspectRatio=\"none\">\n\t<path class=\"elementor-shape-fill\" opacity=\"0.33\" d=\"M473,67.3c-203.9,88.3-263.1-34-320.3,0C66,119.1,0,59.7,0,59.7V0h1000v59.7 c0,0-62.1,26.1-94.9,29.3c-32.8,3.3-62.8-12.3-75.8-22.1C806,49.6,745.3,8.7,694.9,4.7S492.4,59,473,67.3z\"\/>\n\t<path class=\"elementor-shape-fill\" opacity=\"0.66\" d=\"M734,67.3c-45.5,0-77.2-23.2-129.1-39.1c-28.6-8.7-150.3-10.1-254,39.1 s-91.7-34.4-149.2,0C115.7,118.3,0,39.8,0,39.8V0h1000v36.5c0,0-28.2-18.5-92.1-18.5C810.2,18.1,775.7,67.3,734,67.3z\"\/>\n\t<path class=\"elementor-shape-fill\" d=\"M766.1,28.9c-200-57.5-266,65.5-395.1,19.5C242,1.8,242,5.4,184.8,20.6C128,35.8,132.3,44.9,89.9,52.5C28.6,63.7,0,0,0,0 h1000c0,0-9.9,40.9-83.6,48.1S829.6,47,766.1,28.9z\"\/>\n<\/svg>\t\t<\/div>\n\t\t\t\t\t<div class=\"elementor-container elementor-column-gap-default\">\n\t\t\t\t\t<div class=\"elementor-column elementor-col-100 elementor-top-column elementor-element elementor-element-edb5038\" data-id=\"edb5038\" data-element_type=\"column\" data-e-type=\"column\">\n\t\t\t<div class=\"elementor-widget-wrap elementor-element-populated\">\n\t\t\t\t\t\t<div class=\"elementor-element elementor-element-bf838e0 elementor-widget elementor-widget-spacer\" data-id=\"bf838e0\" data-element_type=\"widget\" data-e-type=\"widget\" data-widget_type=\"spacer.default\">\n\t\t\t\t<div class=\"elementor-widget-container\">\n\t\t\t\t\t\t\t<div class=\"elementor-spacer\">\n\t\t\t<div class=\"elementor-spacer-inner\"><\/div>\n\t\t<\/div>\n\t\t\t\t\t\t<\/div>\n\t\t\t\t<\/div>\n\t\t\t\t<div class=\"elementor-element elementor-element-da4f451 elementor-widget elementor-widget-heading\" data-id=\"da4f451\" data-element_type=\"widget\" data-e-type=\"widget\" data-widget_type=\"heading.default\">\n\t\t\t\t<div class=\"elementor-widget-container\">\n\t\t\t\t\t<h2 class=\"elementor-heading-title elementor-size-default\">os melhores caf\u00e9s especiais direto da fazenda para sua xicara.<\/h2>\t\t\t\t<\/div>\n\t\t\t\t<\/div>\n\t\t\t\t<div class=\"elementor-element elementor-element-ae4d8d9 elementor-widget elementor-widget-heading\" data-id=\"ae4d8d9\" data-element_type=\"widget\" data-e-type=\"widget\" data-widget_type=\"heading.default\">\n\t\t\t\t<div class=\"elementor-widget-container\">\n\t\t\t\t\t<h3 class=\"elementor-heading-title elementor-size-default\">Se voc\u00ea \u00e9 apaixonado por caf\u00e9 e preza por uma bebida de alt\u00edssima qualidade, voc\u00ea est\u00e1 no lugar certo!<\/h3>\t\t\t\t<\/div>\n\t\t\t\t<\/div>\n\t\t\t\t\t<\/div>\n\t\t<\/div>\n\t\t\t\t\t<\/div>\n\t\t<\/section>\n\t\t\t\t<section class=\"elementor-section elementor-top-section elementor-element elementor-element-12407771 elementor-section-boxed elementor-section-height-default elementor-section-height-default\" data-id=\"12407771\" data-element_type=\"section\" data-e-type=\"section\">\n\t\t\t\t\t\t<div class=\"elementor-container elementor-column-gap-default\">\n\t\t\t\t\t<div class=\"elementor-column elementor-col-100 elementor-top-column elementor-element elementor-element-a23d18b\" data-id=\"a23d18b\" data-element_type=\"column\" data-e-type=\"column\">\n\t\t\t<div class=\"elementor-widget-wrap elementor-element-populated\">\n\t\t\t\t\t\t<div class=\"elementor-element elementor-element-d5f596b elementor-widget elementor-widget-heading\" data-id=\"d5f596b\" data-element_type=\"widget\" data-e-type=\"widget\" data-widget_type=\"heading.default\">\n\t\t\t\t<div class=\"elementor-widget-container\">\n\t\t\t\t\t<h2 class=\"elementor-heading-title elementor-size-default\">Carrinho de compras:<\/h2>\t\t\t\t<\/div>\n\t\t\t\t<\/div>\n\t\t\t\t<div class=\"elementor-element elementor-element-1dfc94b elementor-widget-divider--view-line_icon elementor-widget-divider--separator-type-pattern elementor-view-default elementor-widget-divider--element-align-center elementor-widget elementor-widget-divider\" data-id=\"1dfc94b\" data-element_type=\"widget\" data-e-type=\"widget\" data-widget_type=\"divider.default\">\n\t\t\t\t<div class=\"elementor-widget-container\">\n\t\t\t\t\t\t\t<div class=\"elementor-divider\" style=\"--divider-pattern-url: url(&quot;data:image\/svg+xml,%3Csvg xmlns=&#039;http:\/\/www.w3.org\/2000\/svg&#039; preserveAspectRatio=&#039;none&#039; overflow=&#039;visible&#039; height=&#039;100%&#039; viewBox=&#039;0 0 20 16&#039; fill=&#039;none&#039; stroke=&#039;black&#039; stroke-width=&#039;1&#039; stroke-linecap=&#039;square&#039; stroke-miterlimit=&#039;10&#039;%3E%3Cg transform=&#039;translate(-12.000000, 0)&#039;%3E%3Cpath d=&#039;M28,0L10,18&#039;\/%3E%3Cpath d=&#039;M18,0L0,18&#039;\/%3E%3Cpath d=&#039;M48,0L30,18&#039;\/%3E%3Cpath d=&#039;M38,0L20,18&#039;\/%3E%3C\/g%3E%3C\/svg%3E&quot;);\">\n\t\t\t<span class=\"elementor-divider-separator\">\n\t\t\t\t\t\t\t<div class=\"elementor-icon elementor-divider__element\">\n\t\t\t\t\t<svg xmlns=\"http:\/\/www.w3.org\/2000\/svg\" id=\"Capa_1\" height=\"512\" viewBox=\"0 0 511.999 511.999\" width=\"512\"><g><g><path d=\"m83.996 410.889c15.155-15.155 18.847-25.734 23.121-37.983 4.793-13.736 10.226-29.305 30.231-49.311 20.006-20.006 35.574-25.439 49.31-30.231 8.972-3.131 17.051-5.954 26.686-13.195-20.456-18.684-48.728-26.68-80.103-22.525-31.386 4.154-62.354 20.125-87.199 44.97-24.846 24.845-40.816 55.813-44.97 87.199-3.035 22.93.421 44.201 9.79 61.979 13.486-10.223 24.836-14.184 35.152-17.784 12.249-4.273 22.827-7.964 37.982-23.119z\"><\/path><path d=\"m196.542 321.69c-12.248 4.273-22.826 7.964-37.98 23.119s-18.846 25.733-23.12 37.982c-4.793 13.736-10.226 29.305-30.232 49.312-20.006 20.006-35.575 25.439-49.312 30.232-8.972 3.131-17.05 5.955-26.686 13.195 16.922 15.455 39.185 23.6 64.135 23.6 5.213 0 10.544-.355 15.966-1.073 31.386-4.154 62.354-20.125 87.199-44.97 24.846-24.845 40.816-55.813 44.97-87.199 3.035-22.931-.421-44.202-9.79-61.98-13.486 10.222-24.835 14.182-35.15 17.782z\"><\/path><\/g><g><path d=\"m353.44 410.889c15.155-15.155 18.847-25.734 23.121-37.983 4.793-13.736 10.226-29.305 30.231-49.311 20.006-20.006 35.574-25.439 49.31-30.231 8.972-3.131 17.051-5.954 26.686-13.195-20.456-18.684-48.728-26.68-80.103-22.525-31.386 4.154-62.354 20.125-87.199 44.97-24.846 24.845-40.816 55.813-44.97 87.199-3.035 22.93.421 44.201 9.79 61.979 13.486-10.223 24.836-14.184 35.152-17.784 12.249-4.273 22.827-7.964 37.982-23.119z\"><\/path><path d=\"m465.986 321.69c-12.248 4.273-22.826 7.964-37.98 23.119s-18.846 25.733-23.12 37.982c-4.793 13.736-10.226 29.305-30.232 49.312-20.006 20.006-35.575 25.439-49.312 30.232-8.972 3.131-17.05 5.955-26.686 13.195 16.922 15.455 39.185 23.6 64.135 23.6 5.213 0 10.544-.355 15.966-1.073 31.386-4.154 62.354-20.125 87.199-44.97 24.846-24.845 40.816-55.813 44.97-87.199 3.035-22.931-.421-44.202-9.79-61.98-13.485 10.222-24.835 14.182-35.15 17.782z\"><\/path><\/g><g><path d=\"m269.646 167.187c15.155-15.155 18.847-25.734 23.121-37.983 4.793-13.736 10.226-29.305 30.231-49.311 20.006-20.006 35.574-25.439 49.31-30.231 8.972-3.131 17.051-5.954 26.686-13.195-20.456-18.684-48.728-26.68-80.103-22.525-31.386 4.154-62.354 20.125-87.199 44.97-24.846 24.845-40.816 55.813-44.97 87.199-3.035 22.93.421 44.201 9.79 61.979 13.486-10.223 24.836-14.184 35.152-17.784 12.249-4.273 22.827-7.964 37.982-23.119z\"><\/path><path d=\"m382.192 77.988c-12.248 4.273-22.826 7.964-37.98 23.119s-18.846 25.733-23.12 37.982c-4.793 13.736-10.226 29.305-30.232 49.312-20.006 20.006-35.575 25.439-49.312 30.232-8.972 3.131-17.05 5.955-26.686 13.195 16.922 15.455 39.185 23.6 64.135 23.6 5.213 0 10.544-.355 15.966-1.073 31.386-4.154 62.354-20.125 87.199-44.97 24.846-24.845 40.816-55.813 44.97-87.199 3.035-22.931-.421-44.202-9.79-61.98-13.485 10.222-24.835 14.183-35.15 17.782z\"><\/path><\/g><\/g><\/svg><\/div>\n\t\t\t\t\t\t<\/span>\n\t\t<\/div>\n\t\t\t\t\t\t<\/div>\n\t\t\t\t<\/div>\n\t\t\t\t\t<\/div>\n\t\t<\/div>\n\t\t\t\t\t<\/div>\n\t\t<\/section>\n\t\t\t\t<section class=\"elementor-section elementor-top-section elementor-element elementor-element-fe96921 elementor-section-boxed elementor-section-height-default elementor-section-height-default\" data-id=\"fe96921\" data-element_type=\"section\" data-e-type=\"section\">\n\t\t\t\t\t\t<div class=\"elementor-container elementor-column-gap-default\">\n\t\t\t\t\t<div class=\"elementor-column elementor-col-100 elementor-top-column elementor-element elementor-element-4af72d4\" data-id=\"4af72d4\" data-element_type=\"column\" data-e-type=\"column\">\n\t\t\t<div class=\"elementor-widget-wrap elementor-element-populated\">\n\t\t\t\t\t\t<div class=\"elementor-element elementor-element-2a0000ff elementor-widget elementor-widget-text-editor\" data-id=\"2a0000ff\" data-element_type=\"widget\" data-e-type=\"widget\" data-widget_type=\"text-editor.default\">\n\t\t\t\t<div class=\"elementor-widget-container\">\n\t\t\t\t\t\t\t\t\t<div class=\"woocommerce\">\n<div class=\"woocommerce-notices-wrapper\"><\/div>\n<div class=\"wc-empty-cart-message\">\n<div class=\"cart-empty woocommerce-info\" role=\"status\">\n\t\tSeu carrinho est\u00e1 vazio.\t<\/div>\n<\/div>\n<p class=\"return-to-shop\">\n\t\t<a class=\"button wc-backward\" href=\"https:\/\/pedebreu.com.br\/loja\/loja-2\/\"><br \/>\n\t\t\tRetornar para a loja\t\t<\/a>\n\t<\/p>\n<\/div>\n\t\t\t\t\t\t\t\t<\/div>\n\t\t\t\t<\/div>\n\t\t<div class=\"elementor-element elementor-element-1859ce5 e-con-full e-flex e-con e-parent\" data-id=\"1859ce5\" data-element_type=\"container\" data-e-type=\"container\">\n\t\t<div class=\"elementor-element elementor-element-6ae2c95 e-con-full e-flex e-con e-child\" data-id=\"6ae2c95\" data-element_type=\"container\" data-e-type=\"container\">\n\t\t\t\t<\/div>\n\t\t<div class=\"elementor-element elementor-element-3a5db09 e-con-full e-flex e-con e-child\" data-id=\"3a5db09\" data-element_type=\"container\" data-e-type=\"container\">\n\t\t\t\t<\/div>\n\t\t<div class=\"elementor-element elementor-element-801cc7a e-con-full e-flex e-con e-child\" data-id=\"801cc7a\" data-element_type=\"container\" data-e-type=\"container\">\n\t\t\t\t<div class=\"elementor-element elementor-element-ad0ae62 elementor-button-danger elementor-align-right elementor-mobile-align-center elementor-invisible elementor-widget elementor-widget-button\" data-id=\"ad0ae62\" data-element_type=\"widget\" data-e-type=\"widget\" data-settings=\"{&quot;_animation&quot;:&quot;fadeIn&quot;}\" data-widget_type=\"button.default\">\n\t\t\t\t<div class=\"elementor-widget-container\">\n\t\t\t\t\t\t\t\t\t<div class=\"elementor-button-wrapper\">\n\t\t\t\t\t<a class=\"elementor-button elementor-button-link elementor-size-xs elementor-animation-grow\" href=\"https:\/\/pedebreu.com.br\/loja\/\" rel=\"nofollow\">\n\t\t\t\t\t\t<span class=\"elementor-button-content-wrapper\">\n\t\t\t\t\t\t<span class=\"elementor-button-icon\">\n\t\t\t\t<svg xmlns=\"http:\/\/www.w3.org\/2000\/svg\" xmlns:xlink=\"http:\/\/www.w3.org\/1999\/xlink\" id=\"Capa_1\" x=\"0px\" y=\"0px\" viewBox=\"0 0 512 512\" style=\"enable-background:new 0 0 512 512;\" xml:space=\"preserve\"><g>\t<g>\t\t<path d=\"M511.52,172.128L482.56,56.224C479.008,41.984,466.208,32,451.52,32H60.512c-14.688,0-27.488,9.984-31.072,24.224    L0.48,172.128C0.16,173.376,0,174.688,0,176c0,44.096,34.08,80,76,80c24.352,0,46.08-12.128,60-30.944    C149.92,243.872,171.648,256,196,256s46.08-12.128,60-30.944C269.92,243.872,291.616,256,316,256c24.384,0,46.08-12.128,60-30.944    C389.92,243.872,411.616,256,436,256c41.92,0,76-35.904,76-80C512,174.688,511.84,173.376,511.52,172.128z\"><\/path>\t<\/g><\/g><g>\t<g>\t\t<path d=\"M436,288c-21.792,0-42.496-6.656-60-18.816c-35.008,24.352-84.992,24.352-120,0c-35.008,24.352-84.992,24.352-120,0    C118.496,281.344,97.792,288,76,288c-15.712,0-30.528-3.68-44-9.952V448c0,17.664,14.336,32,32,32h128V352h128v128h128    c17.664,0,32-14.336,32-32V278.048C466.528,284.32,451.712,288,436,288z\"><\/path>\t<\/g><\/g><g><\/g><g><\/g><g><\/g><g><\/g><g><\/g><g><\/g><g><\/g><g><\/g><g><\/g><g><\/g><g><\/g><g><\/g><g><\/g><g><\/g><g><\/g><\/svg>\t\t\t<\/span>\n\t\t\t\t\t\t\t\t\t<span class=\"elementor-button-text\">Continue Comprando<\/span>\n\t\t\t\t\t<\/span>\n\t\t\t\t\t<\/a>\n\t\t\t\t<\/div>\n\t\t\t\t\t\t\t\t<\/div>\n\t\t\t\t<\/div>\n\t\t\t\t<\/div>\n\t\t\t\t<\/div>\n\t\t<div class=\"elementor-element elementor-element-3f297a2 e-con-full e-flex e-con e-parent\" data-id=\"3f297a2\" data-element_type=\"container\" data-e-type=\"container\">\n\t\t<div class=\"elementor-element elementor-element-a9867e7 e-con-full e-flex e-con e-child\" data-id=\"a9867e7\" data-element_type=\"container\" data-e-type=\"container\">\n\t\t\t\t<\/div>\n\t\t<div class=\"elementor-element elementor-element-0ce06d3 e-con-full e-flex e-con e-child\" data-id=\"0ce06d3\" data-element_type=\"container\" data-e-type=\"container\">\n\t\t\t\t<\/div>\n\t\t<div class=\"elementor-element elementor-element-4a80f9d e-con-full e-flex e-con e-child\" data-id=\"4a80f9d\" data-element_type=\"container\" data-e-type=\"container\">\n\t\t\t\t<div class=\"elementor-element elementor-element-116340a elementor-button-danger elementor-align-right elementor-mobile-align-center elementor-invisible elementor-widget elementor-widget-button\" data-id=\"116340a\" data-element_type=\"widget\" data-e-type=\"widget\" data-settings=\"{&quot;_animation&quot;:&quot;fadeIn&quot;}\" data-widget_type=\"button.default\">\n\t\t\t\t<div class=\"elementor-widget-container\">\n\t\t\t\t\t\t\t\t\t<div class=\"elementor-button-wrapper\">\n\t\t\t\t\t<a class=\"elementor-button elementor-button-link elementor-size-xs elementor-animation-grow\" href=\"https:\/\/pedebreu.com.br\/loja\/finalizar-compra\/\" rel=\"nofollow\">\n\t\t\t\t\t\t<span class=\"elementor-button-content-wrapper\">\n\t\t\t\t\t\t<span class=\"elementor-button-icon\">\n\t\t\t\t<svg aria-hidden=\"true\" class=\"e-font-icon-svg e-far-money-bill-alt\" viewBox=\"0 0 640 512\" xmlns=\"http:\/\/www.w3.org\/2000\/svg\"><path d=\"M320 144c-53.02 0-96 50.14-96 112 0 61.85 42.98 112 96 112 53 0 96-50.13 96-112 0-61.86-42.98-112-96-112zm40 168c0 4.42-3.58 8-8 8h-64c-4.42 0-8-3.58-8-8v-16c0-4.42 3.58-8 8-8h16v-55.44l-.47.31a7.992 7.992 0 0 1-11.09-2.22l-8.88-13.31a7.992 7.992 0 0 1 2.22-11.09l15.33-10.22a23.99 23.99 0 0 1 13.31-4.03H328c4.42 0 8 3.58 8 8v88h16c4.42 0 8 3.58 8 8v16zM608 64H32C14.33 64 0 78.33 0 96v320c0 17.67 14.33 32 32 32h576c17.67 0 32-14.33 32-32V96c0-17.67-14.33-32-32-32zm-16 272c-35.35 0-64 28.65-64 64H112c0-35.35-28.65-64-64-64V176c35.35 0 64-28.65 64-64h416c0 35.35 28.65 64 64 64v160z\"><\/path><\/svg>\t\t\t<\/span>\n\t\t\t\t\t\t\t\t\t<span class=\"elementor-button-text\">PAGUE SEU PEDIDO ON-LINE<\/span>\n\t\t\t\t\t<\/span>\n\t\t\t\t\t<\/a>\n\t\t\t\t<\/div>\n\t\t\t\t\t\t\t\t<\/div>\n\t\t\t\t<\/div>\n\t\t\t\t<\/div>\n\t\t\t\t<\/div>\n\t\t\t\t\t<\/div>\n\t\t<\/div>\n\t\t\t\t\t<\/div>\n\t\t<\/section>\n\t\t<div class=\"elementor-element elementor-element-3464202 e-flex e-con-boxed e-con e-parent\" data-id=\"3464202\" data-element_type=\"container\" data-e-type=\"container\">\n\t\t\t\t\t<div class=\"e-con-inner\">\n\t\t\t\t\t<\/div>\n\t\t\t\t<\/div>\n\t\t<div class=\"elementor-element elementor-element-b9be5f9 e-flex e-con-boxed e-con e-parent\" data-id=\"b9be5f9\" data-element_type=\"container\" data-e-type=\"container\">\n\t\t\t\t\t<div class=\"e-con-inner\">\n\t\t<div class=\"elementor-element elementor-element-4f6c3e2 e-con-full textoanimado2 e-flex e-con e-child\" data-id=\"4f6c3e2\" data-element_type=\"container\" data-e-type=\"container\" data-settings=\"{&quot;background_background&quot;:&quot;classic&quot;}\">\n\t\t\t\t<div class=\"elementor-element elementor-element-44046dd elementor-widget elementor-widget-qi_addons_for_elementor_text_marquee\" data-id=\"44046dd\" data-element_type=\"widget\" data-e-type=\"widget\" data-widget_type=\"qi_addons_for_elementor_text_marquee.default\">\n\t\t\t\t<div class=\"elementor-widget-container\">\n\t\t\t\t\t<div class=\"qodef-shortcode qodef-m qodef-qi-text-marquee qodef-layout--default\">\n\t<div class=\"qodef-m-content\">\n\t\t<div class=\"qodef-m-text qodef-text--original\">\n\t\t\t\t\t\t\t<span class=\"qodef-m-text-item elementor-repeater-item-e36afe9\" >ATEN\u00c7\u00c3O taxa de reenvio:\nCaso o destinat\u00e1rio n\u00e3o seja encontrado ap\u00f3s as tentativas padr\u00f5es dos correios e o remetente solicite um novo envio, uma nova taxa de reenvio pode ser cobrada ao\u00a0destinat\u00e1rio.<\/span>\n\t\t\t\t\t\t\t\t\t<\/div>\n\t\t<div class=\"qodef-m-text qodef-text--copy\">\n\t\t\t\t\t\t\t<span class=\"qodef-m-text-item elementor-repeater-item-e36afe9\" >ATEN\u00c7\u00c3O taxa de reenvio:\nCaso o destinat\u00e1rio n\u00e3o seja encontrado ap\u00f3s as tentativas padr\u00f5es dos correios e o remetente solicite um novo envio, uma nova taxa de reenvio pode ser cobrada ao\u00a0destinat\u00e1rio.<\/span>\n\t\t\t\t\t\t\t\t\t<\/div>\n\t<\/div>\n<\/div>\n\t\t\t\t<\/div>\n\t\t\t\t<\/div>\n\t\t\t\t<\/div>\n\t\t\t\t\t<\/div>\n\t\t\t\t<\/div>\n\t\t\t\t<\/div>\n\t\t","protected":false},"excerpt":{"rendered":"<p>os melhores caf\u00e9s especiais direto da fazenda para sua xicara. Se voc\u00ea \u00e9 apaixonado por caf\u00e9 e preza por uma bebida de alt\u00edssima qualidade, voc\u00ea est\u00e1 no lugar certo! Carrinho de compras: Continue Comprando PAGUE SEU PEDIDO ON-LINE ATEN\u00c7\u00c3O taxa de reenvio: Caso o destinat\u00e1rio n\u00e3o seja encontrado ap\u00f3s as tentativas padr\u00f5es dos correios e [&hellip;]<\/p>\n","protected":false},"author":1,"featured_media":0,"parent":0,"menu_order":0,"comment_status":"closed","ping_status":"closed","template":"elementor_header_footer","meta":{"footnotes":""},"class_list":["post-10","page","type-page","status-publish","hentry"],"_links":{"self":[{"href":"https:\/\/pedebreu.com.br\/loja\/wp-json\/wp\/v2\/pages\/10","targetHints":{"allow":["GET"]}}],"collection":[{"href":"https:\/\/pedebreu.com.br\/loja\/wp-json\/wp\/v2\/pages"}],"about":[{"href":"https:\/\/pedebreu.com.br\/loja\/wp-json\/wp\/v2\/types\/page"}],"author":[{"embeddable":true,"href":"https:\/\/pedebreu.com.br\/loja\/wp-json\/wp\/v2\/users\/1"}],"replies":[{"embeddable":true,"href":"https:\/\/pedebreu.com.br\/loja\/wp-json\/wp\/v2\/comments?post=10"}],"version-history":[{"count":0,"href":"https:\/\/pedebreu.com.br\/loja\/wp-json\/wp\/v2\/pages\/10\/revisions"}],"wp:attachment":[{"href":"https:\/\/pedebreu.com.br\/loja\/wp-json\/wp\/v2\/media?parent=10"}],"curies":[{"name":"wp","href":"https:\/\/api.w.org\/{rel}","templated":true}]}}